 = -5*v + 10, -4 + 2 = -4*c + 5*v. Suppose 49 - 61 = -c*m. Suppose -2*u - 68 = -m*d, 146 = 5*d + u + 54. What is the greatest common factor of d and 4?
2
Let q = -14 + 34. Let y(i) = 2*i**2 + 6*i - 12. Suppose 0 = -5*r + 4*k + 6 - 47, 12 = -4*r - 2*k. Let a be y(r). Calculate the highest common factor of a and q.
4
Let k(y) = -y**3 + 38*y**2 + 51*y - 127. Let a be k(39). Let r be (11/(-3))/((-9)/27). Calculate the greatest common divisor of r and a.
11
Let g(s) = 19*s**2 - 29*s + 135. Let z be g(5). What is the greatest common divisor of z and 15?
15
Suppose 0 = 2*y + 4, -4*m + 14 = -0*m - 3*y. Suppose 16*l - 24 + 40 = 0. Let w be ((6 - (-119)/(-21))*-3)/l. Calculate the highest common factor of m and w.
1
Suppose 5*f = -v + 3613, 4793 - 1893 = 4*f - 4*v. What is the greatest common factor of f and 9?
3
Suppose -4*w + n + 28 = -3*n, -n - 5 = 0. Let p(i) = 48*i - 70. Let j be p(w). Calculate the highest common divisor of j and 91.
13
Suppose 59*d - 49*d - 540 = -98*d. Calculate the highest common factor of d and 1985.
5
Suppose 8*i = 3*i + 10. Suppose -2*j = 6, 4*f - 2*j + i = -0*f. Let b be 235/5 - (f - 1)/(-3). What is the highest common divisor of 23 and b?
23
Suppose 57*i - 1020 = 5*i + 7300. Calculate the highest common factor of i and 32.
32
Suppose -3*g + 7984 = 28. Suppose -16*r - g = -29*r. Calculate the greatest common factor of r and 36.
12
Suppose -2*l = -10, 5*w = w - 2*l - 22. Let u(r) = -2*r - 22. Let v be u(w). Let t = 1 - v. Calculate the greatest common factor of 42 and t.
7
Suppose -80173 = -146*p + 5821. Calculate the greatest common factor of p and 93.
31
Let b(r) = -r**2 + 14*r + 15. Suppose 497*k - 72 = 491*k. Let j be b(k). Suppose 3*p = 143 + 52. Calculate the greatest common factor of j and p.
13
Let b = -239 - -73. Let j be 2*(b/4 + 0). Let w = -57 - j. What is the greatest common divisor of 65 and w?
13
Let x be 5 + 1193082/990 + 4/(-30). Calculate the highest common factor of 198 and x.
22
Let z(t) = t - 3*t - 10 + 10. Let y be z(-4). Let g(k) = k**2 - 6*k - 6. Let b be g(y). What is the highest common factor of b and 10?
10
Let j be 5/(-1) + -40 + 36. Let p(w) = -2*w**3 - 15*w**2 + 14*w + 33. Let l be p(j). Let f = 80 - 20. Calculate the highest common factor of l and f.
30
Suppose 2*l = -0*l - 2*r - 16, -2*l - 4*r - 14 = 0. Let n be ((-3)/5)/(l/315) + 1. What is the highest common factor of n and 418?
22
Let l(b) = -b**2 + 23*b - 101. Let v be l(18). Let d be (v + 2)*(40/4 - 49). What is the highest common factor of 39 and d?
39
Suppose 0 = -h - 2*h - 3*v + 33, -h + 3 = -3*v. Suppose -h*c + 8*c + 16 = 0. What is the highest common divisor of 48 and c?
16
Suppose 4 = -5*f + 11*s - 9*s, f = s - 2. Let o(w) = 2*w**3 + w**2 - w + 2. Let h be o(f). What is the greatest common divisor of h and 26?
2
Suppose -3*m + 2947 = 2*j, -j + 5*m = 6*m - 1472. What is the greatest common factor of j and 2599?
113
Suppose 2834 = 10*v - 986. Let j = v - 262. Calculate the greatest common factor of 280 and j.
40
Let g(x) = -2*x**3 + 2*x**2 - 15*x - 71. Let j be g(-7). Let h = j + -802. What is the highest common divisor of h and 568?
8
Let w(h) = -h. Let f be w(20). Let q = f + 52. What is the highest common divisor of 24 and q?
8
Suppose -12*l = -3*l - 4*l. Suppose -15*i - 249 + 1149 = l. Calculate the greatest common divisor of i and 105.
15
Suppose -7*p + 125 = -2*p. Let v = p + -13. Suppose -v*g + 10*g = -60. Calculate the greatest common factor of 30 and g.
30
Let m be (-37)/(185/(-20)) + (85 - (-1 - -2)). Suppose -2*s = -s - 11. What is the greatest common factor of s and m?
11
Let x be 220586/6 - ((-1056)/(-24))/132. Calculate the highest common factor of x and 182.
182
Suppose 85 = 2*p - 3*q - 198, 0 = 5*p + 4*q - 696. Suppose 0 = -0*x + 5*x - p. Suppose 780*o - 7308 = 606*o. What is the greatest common factor of o and x?
14
Let a = 378 + -347. Calculate the greatest common divisor of a and 7.
1
Let c be (0 + (-2)/6)/(5*(-8)/22320). What is the greatest common divisor of c and 15066?
186
Let g be ((-12)/(-60))/(5448/680 + -8). Calculate the greatest common factor of 3587 and g.
17
Suppose -12*f = -5*m - 10*f + 6121, 2*m - f = 2448. Calculate the greatest common factor of m and 50.
25
Suppose 0 = 10*s + 191 + 99. Let u = -4 - s. Calculate the highest common divisor of 100 and u.
25
Let t be 129/(-21) - -6 - (-21414)/(-42). Let y be t/(-6) + -1*(-2)/(-2). Calculate the greatest common factor of y and 672.
84
Suppose 8*y - 155 = -203. Let o be (3/y)/((-1)/4). What is the highest common divisor of 7 and o?
1
Let l(t) = 2*t**2 + 12*t - 375. Let g be l(-20). Calculate the greatest common divisor of 74 and g.
37
Suppose 5*i - 40 = 7*i. Let r be (-4)/5 + 24/i. Let a be ((-44)/8)/(1/r). What is the highest common divisor of 22 and a?
11
Let t(c) = -249*c - 2031. Let j be t(-9). Let b = -9 + 19. What is the greatest common divisor of j and b?
10
Let h(t) = t**3 - 19*t**2 - 39*t - 38. Let i be h(21). Let a be (2 + 4 + -3)*i. What is the highest common divisor of a and 15?
15
Let t(k) = -k**3 - 5*k**2 + 10*k + 32. Let r be t(-6). Suppose 0 = 2*i - 5*a - 1247, 4*i + r*a - 3*a = 2449. Calculate the highest common factor of 77 and i.
77
Let j(l) = l**3 - 3*l**2 + 11*l + 91. Let u be j(7). What is the greatest common divisor of u and 1768?
52
Suppose -4*f = 2*n - 84, 5*f - n + 4*n - 104 = 0. Suppose 1376 + 1288 = 9*k. Let a = 450 - k. What is the greatest common factor of a and f?
22
Let v = -147 + 168. Suppose 0 = -7*o + 3*o - 20. Let z be 37 + 7 + o + -4. What is the highest common divisor of v and z?
7
Suppose 22*j - 55*j - 825 = 561. Let h = -62 - -122. Let b = j + h. Calculate the highest common factor of b and 18.
18
Let w be (7 + (-54999)/(-14))*2 + (-4)/(-4). What is the highest common divisor of 384 and w?
192
Let c(q) = -q**3 + 38*q**2 - 97*q + 833. Let u be c(33). What is the highest common factor of 1448 and u?
181
Suppose 0 = 280*v - 113638 - 34202. What is the highest common divisor of v and 1632?
48
Let a(i) = i**3 + i + 121. Let s be a(0). Let h be ((-51)/68 + (-11)/12)*-12 - 9. Calculate the greatest common factor of h and s.
11
Let g(y) = 2*y**2 + 3*y + 119. Let w be g(-7). What is the highest common divisor of 15876 and w?
196
Let d(c) = 1095*c - 5788. Let y be d(40). Calculate the greatest common divisor of y and 221.
221
Let y be (((-1584)/(-7))/8)/(3/14). Suppose 18 = q - 8*i + 3*i, y = 4*q - 5*i. What is the highest common factor of 608 and q?
38
Let v = -13537 - -13709. Calculate the greatest common factor of 12212 and v.
172
Let l = -157 + 169. Let m = -90 + 118. What is the greatest common divisor of l and m?
4
Let k be 105*((-1104)/161)/(-4). What is the greatest common divisor of k and 12060?
180
Let p be (-7844)/(-14) + 14/(-49). Let x be 4/20*35 - (17 + -80). What is the greatest common factor of x and p?
70
Let j(s) = -s**3 + 225*s - 26. Let c be j(13). Calculate the greatest common factor of c and 108.
54
Suppose -19*k + 21*k + 8 = 0. Let d be (99/11 + k)*8/10. Calculate the highest common factor of d and 110.
2
Suppose -3*y + 19 = 2*d + 1, 4*y = -2*d + 20. Let g be (d*3/15)/((-4)/(-560)). What is the greatest common factor of 24 and g?
24
Let l(n) = -2*n**2 - 25*n - 66. Let q be l(-7). Suppose -5*i - q*x + 100 = -13*x, -125 = -5*i - 3*x. What is the greatest common divisor of 187 and i?
11
Let j be (-4)/(-54) + (-108816)/(-648). Suppose -14*q = -21*q + j. What is the greatest common divisor of q and 36?
12
Let l = 26938 + -18278. What is the greatest common divisor of l and 20?
20
Suppose 4 = -5*p + 14. Let b(k) = k**2 + 5*k + 7. Suppose 41 = 2*g + 45. Let q be b(g). Calculate the greatest common factor of p and q.
1
Suppose 11*n - 191 = -279. Let l(x) = x**3 + x**2 - 2*x + 1. Let q be l(2). Let z = q + n. Calculate the highest common divisor of 7 and z.
1
Suppose 2*x - 3*t = -25, 8*t = -4*x + 3*t - 105. Let q = x + 55. Let u = -24 + q. Calculate the greatest common factor of 121 and u.
11
Suppose 0 = 86*v - 82*v - 28. Suppose -4*t = v*t - 33. Calculate the highest common factor of t and 3.
3
Let o(v) be the second derivative of v**4/12 + 3*v**3/2 - 30*v**2 - 85*v. Let k be o(5). Calculate the highest common factor of k and 1.
1
Let r = -24 - -29. Let p(x) = 3*x**2 - 3. Let l be p(r). Suppose 10*c = 7*c +